{"id":2,"date":"2024-04-09T19:31:28","date_gmt":"2024-04-09T19:31:28","guid":{"rendered":"http:\/\/susiec.eu\/?page_id=2"},"modified":"2024-04-22T12:38:44","modified_gmt":"2024-04-22T12:38:44","slug":"about","status":"publish","type":"page","link":"https:\/\/susiec.eu\/index.php\/about\/","title":{"rendered":"O stronie"},"content":{"rendered":"\n<p>Witamy na stronie po\u015bwi\u0119conej historii Su\u015bca, malowniczej miejscowo\u015bci po\u0142o\u017conej w sercu Roztocza. Nasza strona ma na celu przybli\u017cenie bogatej przesz\u0142o\u015bci i kulturowego dziedzictwa tego wyj\u0105tkowego miejsca.<\/p>\n\n\n\n<p>Poznaj fascynuj\u0105c\u0105 histori\u0119 Su\u015bca, od jego za\u0142o\u017cenia, przez rozw\u00f3j turystyki, a\u017c po wsp\u00f3\u0142czesne inicjatywy lokalne. Dowiedz si\u0119, jak przemiany historyczne wp\u0142yn\u0119\u0142y na dzisiejszy obraz miejscowo\u015bci.<\/p>\n\n\n\n<p>Zapraszamy do galerii, gdzie prezentujemy archiwalne zdj\u0119cia Su\u015bca, kt\u00f3re ukazuj\u0105 zmiany w krajobrazie i architekturze na przestrzeni lat. Ka\u017cde zdj\u0119cie opatrzone jest kr\u00f3tkim opisem kontekstowym.<\/p>\n\n\n\n<p>Odkryj biografie znacz\u0105cych postaci z historii Su\u015bca, kt\u00f3re mia\u0142y wp\u0142yw na rozw\u00f3j i kszta\u0142t miejscowo\u015bci. Znajdziesz tu sylwetki za\u0142o\u017cycieli, lokalnych dzia\u0142aczy spo\u0142ecznych oraz os\u00f3b zwi\u0105zanych z kultur\u0105 i sztuk\u0105.<\/p>\n\n\n\n<p>Przejd\u017a do naszej interaktywnej mapy, kt\u00f3ra pozwoli Ci odkry\u0107 historyczne i kulturowe punkty zainteresowania w Su\u015bcu. Klikaj\u0105c na wybrane miejsca, mo\u017cesz dowiedzie\u0107 si\u0119 wi\u0119cej o ich historii i znaczeniu.<\/p>\n\n\n\n<p>Masz pytania lub chcia\u0142by\u015b podzieli\u0107 si\u0119 swoimi wspomnieniami o Su\u015bcu? Skontaktuj si\u0119 z nami przez formularz kontaktowy. Jeste\u015bmy otwarci na wsp\u00f3\u0142prac\u0119 z osobami, kt\u00f3re chc\u0105 wzbogaci\u0107 nasz\u0105 stron\u0119 o swoje historie i do\u015bwiadczenia.<\/p>\n\n\n\n<ol class=\"wp-block-list\"><\/ol>\n\n\n\n<p><\/p>\n","protected":false},"excerpt":{"rendered":"<p>Witamy na stronie po\u015bwi\u0119conej historii Su\u015bca, malowniczej miejscowo\u015bci po\u0142o\u017conej w sercu Roztocza. Nasza strona ma na celu przybli\u017cenie bogatej przesz\u0142o\u015bci i kulturowego dziedzictwa tego wyj\u0105tkowego miejsca. Poznaj fascynuj\u0105c\u0105 histori\u0119 Su\u015bca, od jego za\u0142o\u017cenia, przez rozw\u00f3j turystyki, a\u017c po wsp\u00f3\u0142czesne inicjatywy lokalne. Dowiedz si\u0119, jak przemiany historyczne wp\u0142yn\u0119\u0142y na dzisiejszy obraz miejscowo\u015bci. Zapraszamy do galerii, gdzie [&hellip;]<\/p>\n","protected":false},"author":1,"featured_media":0,"parent":0,"menu_order":0,"comment_status":"closed","ping_status":"open","template":"","meta":{"footnotes":""},"class_list":["post-2","page","type-page","status-publish","hentry"],"_links":{"self":[{"href":"https:\/\/susiec.eu\/index.php\/wp-json\/wp\/v2\/pages\/2","targetHints":{"allow":["GET"]}}],"collection":[{"href":"https:\/\/susiec.eu\/index.php\/wp-json\/wp\/v2\/pages"}],"about":[{"href":"https:\/\/susiec.eu\/index.php\/wp-json\/wp\/v2\/types\/page"}],"author":[{"embeddable":true,"href":"https:\/\/susiec.eu\/index.php\/wp-json\/wp\/v2\/users\/1"}],"replies":[{"embeddable":true,"href":"https:\/\/susiec.eu\/index.php\/wp-json\/wp\/v2\/comments?post=2"}],"version-history":[{"count":4,"href":"https:\/\/susiec.eu\/index.php\/wp-json\/wp\/v2\/pages\/2\/revisions"}],"predecessor-version":[{"id":17,"href":"https:\/\/susiec.eu\/index.php\/wp-json\/wp\/v2\/pages\/2\/revisions\/17"}],"wp:attachment":[{"href":"https:\/\/susiec.eu\/index.php\/wp-json\/wp\/v2\/media?parent=2"}],"curies":[{"name":"wp","href":"https:\/\/api.w.org\/{rel}","templated":true}]}}